et q(p) = 19*p**3 + 10*p**2 - 21. What is the remainder when q(4) is divided by 170?
165
Suppose -60*j - 1472 = -92*j. What is the remainder when 386 is divided by j?
18
Let o = 18 + -12. Suppose o*p = 4*l + p - 145, -4*l + p = -125. Calculate the remainder when l is divided by (-27)/(-45) - (184/(-10) - 0).
11
Suppose 2192 = -16*y + 8*y. Let u = y - -281. What is the remainder when 124 is divided by u?
5
Suppose 4*l = 4*q + 920, 4*l + 322*q = 325*q + 919. Let g = -2 + 12. What is the remainder when l is divided by g?
9
Let q(m) = -3*m - 63. Let i be q(-4). Let f = i + 123. Calculate the remainder when f is divided by 31.
10
What is the remainder when -4 - (-1)/((-15492)/7752 + 2) is divided by 54?
48
Let x = 13319 + -13123. Calculate the remainder when 1162 is divided by x.
182
Let y(s) = -16*s + 111. Let m(n) = -n**2 - 23*n + 84. Let w be m(-26). Calculate the remainder when 27 is divided by y(w).
12
Let l(h) = -h**2 + 29*h + 2027. Calculate the remainder when l(60) is divided by 153.
14
Let f(q) = 3*q**2 + 10*q + 14. Let u be f(-2). Suppose -r - 1 = 0, -5*w + u*w + r = 8. What is the remainder when 24 is divided by w?
6
Let o(v) = -19*v - 12. Let u be o(13). Let w = -115 - u. Suppose 4*h - w = -q, h + 4*h = -4*q + 191. What is the remainder when h is divided by 19?
16
Let s(d) = -2*d**3 + 18*d**2 - 10*d - 4. What is the remainder when s(3) is divided by 20?
14
Let i = -271 - -564. Suppose -320 - 355 = -9*h. What is the remainder when i is divided by h?
68
Let t(d) = d**2 - d + 5. Suppose -12 = -6*z + 24. Let n be t(z). Suppose n = 3*l + 5*g, -4*g + 10 = 3*l - 21. What is the remainder when 38 is divided by l?
3
Suppose 5*o = -17 - 13. Let u be (-212 + -3)/(5 + o). Suppose 2*q + u = 7*q. What is the remainder when q is divided by 23?
20
Let c(i) = 8*i**2 - 4*i + 2. Let j be c(-3). Let w = j - -7. What is the remainder when w is divided by 24?
21
Suppose 3*j + a = 208, -150 = -0*j - 2*j + 5*a. Let s = -30829 - -30866. Calculate the remainder when j is divided by s.
33
Let r(z) = z + 30. Let u be r(-16). Let q be 231/2 - (-3 + u/4). Let o = -93 + q. What is the remainder when 108 is divided by o?
20
Suppose 0 = 820*k - 605*k - 13115. Suppose 35 = i - 3*u + 1, 0 = 2*u. What is the remainder when k is divided by i?
27
Suppose 0 = -m - 49 + 66. Let l = m - 9. Suppose 4*g = l - 0. What is the remainder when 9 is divided by g?
1
Let g be 2/(-10) - 900/(-125). Suppose -3*b + 36 = -45. Calculate the remainder when b is divided by 48/g + (-4)/(-28).
6
Suppose 0 = 4*w - 130 - 446. Let x be 544/w - 2/(-9). Suppose -x*d + 180 = 2*d. What is the remainder when 88 is divided by d?
28
Calculate the remainder when 2584 is divided by (-2 + (-66)/(-15))*(125/15 + -5).
0
Calculate the remainder when (4050/11 - 1) + (-106)/583 is divided by 177.
13
Let w(v) = 2*v**3 + 99*v**2 - 51*v + 87. Calculate the remainder when 1504 is divided by w(-50).
134
Let t be (1 - -4) + (-16)/(-4) + -5. Let m be 566/t + 33/22. Suppose -40 = -2*w - 3*g, -17 = 5*w + g - m. Calculate the remainder when w is divided by 7.
5
Suppose 2449 = 127*f - 3140 + 255. Calculate the remainder when 795 is divided by f.
39
What is the remainder when 246 is divided by (-23)/(2875/(-2275)) - 1/5?
12
Suppose -4*n + 2*t + 528 = 0, 1095*t - 18 = 1092*t. Calculate the remainder when n is divided by 83.
52
Let n be 774/14 - (-13)/((-91)/2). What is the remainder when 83 is divided by (n/(-33))/((35/18)/(-7))?
5
Let f be (144/(-40))/(3/(-45)). Suppose 12*g - 15*g = -f. Calculate the remainder when 37 is divided by g.
1
Suppose -3*w - 4*m + 29 + 11 = 0, -2*w + 22 = -2*m. Let z be 1938/30 - 4*(-12)/(-80). Suppose 200 + z = 6*d. What is the remainder when d is divided by w?
8
Let q = 15993 - 13026. What is the remainder when q is divided by 18?
15
Suppose -80*l + 21068 = 12268. Calculate the remainder when 18589 is divided by l.
109
Suppose 176 = 3*c + 4*p, 0 = -24*c + 20*c - 5*p + 235. What is the remainder when c is divided by (0 - -31)*(-3)/(-3)?
29
Let g = 79 + -190. Suppose 5*u = -3*y + u - 163, 0 = 3*y + u + 178. Let l = y - g. What is the remainder when l is divided by 26?
24
Suppose 35 = 6*f + f. Suppose -r + 4*j = -0*r - 95, -j - f = 0. Let d = r - 43. Calculate the remainder when d is divided by 17.
15
Let y = 71 - 66. What is the remainder when 51 is divided by y + (-23)/5 - (-54)/15?
3
Suppose 47*k - 21973 - 7707 = -8765. What is the remainder when k is divided by 88?
5
Let l(z) = 483*z + 3988. What is the remainder when 339 is divided by l(-8)?
91
What is the remainder when -287*(-10 - 32/7*-1) is divided by 311?
3
Calculate the remainder when (-8 + 75/9)/(155/(-156) + 1) is divided by 3/(-6) + (-19)/(-2).
7
Let f = 28 - 12. Let z = -9 + f. Suppose 0 = -2*o + 65 - 1. What is the remainder when o is divided by z?
4
Let m be 7*(-28)/(-5) - 740/(-925). Suppose -45*k + 290 = -m*k. Calculate the remainder when 62 is divided by k.
4
Let d = 1459 - 1240. Calculate the remainder when 604 is divided by d.
166
Suppose n = -12 + 14. Suppose -12*m = -2*d - 8*m + 102, 0 = -n*d + 2*m + 92. What is the remainder when 162 is divided by d?
39
Let g = 23 + 16. Let j = 702 - 582. Suppose 6*a - 3*t = 8*a - 55, 5*a + 4*t = j. What is the remainder when g is divided by a?
19
Suppose 5*p - 3*y = 18387, 4*p + 4*y - 15370 = -622. Calculate the remainder when p is divided by 7.
6
Let q be 4/5 - 57/15. Let p be q/(-2)*(-260)/(-39). Suppose -l - p = 4*l, l - 213 = -5*b. What is the remainder when b is divided by 11?
10
Suppose -4*p - 140*d + 29613 = -137*d, -4*p = 2*d - 29614. What is the remainder when p is divided by 14?
12
Let d be (-518)/21*21/2. Let t = d + 427. Calculate the remainder when (-8)/(-6)*t/16 is divided by 8.
6
Suppose -2*b + 29 = 5*x, 0 = b + 4*x + x - 17. What is the remainder when 92 is divided by b?
8
What is the remainder when 1216 is divided by 4814/4 - ((-2139)/(-62))/(-23)?
11
Let g(c) = 43*c**2 + 1889*c + 73. Calculate the remainder when 2452 is divided by g(-44).
197
Let n(s) = -17*s - 298. Let i(y) = y. Let p(u) = -6*i(u) - n(u). Let m(v) = -v**2 + 17*v + 18. What is the remainder when p(0) is divided by m(14)?
58
Let g(m) = -m**3 + 19*m - 11. Let o be g(4). What is the remainder when 4*o + 149 + -1 + -5 is divided by 39?
30
Let m(c) be the second derivative of c**3/3 + 5*c**2/2 - 32*c. Let l be (-2)/(-2) - (-10 - -2). Calculate the remainder when m(l) is divided by 13.
10
Calculate the remainder when 116 is divided by 19 + 1*(-5 - 10/10).
12
Calculate the remainder when (3 + 2)*5871/95 - 2 is divided by (-242)/(-8) - (-36)/48.
28
Suppose 0 = 4*p - 2*q - 62, -p + 4 + 1 = 3*q. Suppose x + 5 = p. Suppose x = 6*l - 69. What is the remainder when 61 is divided by l?
9
Let l be 3 + (-3 + -2 - -2 - -3). Suppose 0 = -5*g - 2*n + 245, -5*n + 166 = l*g + 19. Let f(d) = -d + 6. What is the remainder when g is divided by f(-5)?
5
Let g be -39 - ((-2)/(-8) - (-18)/24). Let c = g - -49. Let r = -171 + 193. Calculate the remainder when r is divided by c.
4
Suppose 0 = 10*x - 8558 - 972. Calculate the remainder when x is divided by 96.
89
Let q(g) = 34 + 19*g + 14*g - 30*g. Calculate the remainder when 45 is divided by q(-7).
6
Let b(y) = 5*y + 12. Suppose 28 - 36 = 2*k. Let s be 15/2*k/(-3). Calculate the remainder when b(s) is divided by 16.
14
Let g be 2/4*26/(-13) - -134. Suppose 0 = 3*x + 6*i - 7*i - g, -4*x + 152 = 5*i. Calculate the remainder when 100 is divided by x.
14
Let o(a) = 109*a**2 + 6*a - 1. Let z be o(1). Suppose 4*q + 30 - z = 0. Let j(y) = 11*y**3 - y**2 + y. Calculate the remainder when q is divided by j(1).
10
Let c(b) = b**3 - b**2 + 3*b - 4. Let g be c(6). Suppose 18 = z + 2*h + 3*h, -5*z + h = -g. What is the remainder when z is divided by (-30)/(-1*(3 - 0))?
8
Let z = -6351 + 7278. Calculate the remainder when z is divided by 15.
12
Let b(i) = -421*i - 1889. What is the remainder when b(-5) is divided by 12?
0
Let i be (-36)/(-4) + -6 + -1. Suppose 0 = -i*a + 36 + 134. What is the remainder when 246 is divided by a?
76
Suppose -1306*h + 58278 = -1301*h - 2*b, -4*h + 46620 = -4*b. Calculate the remainder when h is divided by 55.
51
Suppose -1133*g + 4*r - 131 = -1138*g, 0 = 2*g + r - 53. What is the remainder when 2507 is divided by g?
23
Let c = 733 + -648. Suppose 4*y - 21*y = -